of 53766?
True
Is 10794016 a multiple of 113?
False
Does 19 divide 3015012?
False
Is 25 a factor of 230110?
False
Is 645687 a multiple of 37?
True
Is 915363 a multiple of 64?
False
Is 1091318 a multiple of 62?
False
Does 24 divide 78288?
True
Does 7 divide 3218738?
False
Is 2478616 a multiple of 392?
True
Does 174 divide 9205791?
False
Is 2379306 a multiple of 514?
True
Is 103635 a multiple of 264?
False
Is 4806858 a multiple of 593?
True
Does 50 divide 301697?
False
Does 33 divide 3808398?
True
Is 15956656 a multiple of 26?
False
Does 14 divide 2270226?
True
Is 69 a factor of 107568?
False
Is 16 a factor of 50976?
True
Does 11 divide 189706?
True
Is 210535 a multiple of 10?
False
Is 195 a factor of 1635660?
True
Is 14 a factor of 8289?
False
Is 3780515 a multiple of 38?
False
Is 2803178 a multiple of 25?
False
Is 1135645 a multiple of 5?
True
Is 1605077 a multiple of 34?
False
Is 4841400 a multiple of 117?
False
Is 9 a factor of 1573202?
False
Does 3 divide 356433?
True
Is 33630950 a multiple of 190?
True
Is 3077596 a multiple of 37?
False
Does 97 divide 3465610?
False
Does 196 divide 1717744?
True
Is 15956965 a multiple of 14?
False
Is 1998854 a multiple of 143?
True
Is 130977 a multiple of 99?
True
Does 25 divide 15300?
True
Is 141273 a multiple of 11?
True
Does 11 divide 53867?
True
Is 8 a factor of 2414744?
True
Is 3618385 a multiple of 8?
False
Is 143963 a multiple of 313?
False
Is 39117 a multiple of 39?
True
Does 28 divide 289060?
False
Is 8652 a multiple of 13?
False
Is 350 a factor of 178656?
False
Is 118 a factor of 11210851?
False
Is 86 a factor of 511614?
True
Does 12 divide 50160?
True
Does 27 divide 80576?
False
Is 4747176 a multiple of 18?
True
Is 34 a factor of 72987?
False
Is 17 a factor of 50675?
False
Is 32 a factor of 323520?
True
Is 946641 a multiple of 124?
False
Is 14 a factor of 181166?
False
Is 22 a factor of 4769275?
False
Is 30 a factor of 3117600?
True
Is 516303 a multiple of 3?
True
Is 235187 a multiple of 300?
False
Is 5 a factor of 502843?
False
Is 44 a factor of 70664?
True
Is 22 a factor of 24948?
True
Is 166 a factor of 877319?
False
Does 128 divide 240512?
True
Is 17795360 a multiple of 1760?
True
Is 245 a factor of 380042?
False
Is 56040 a multiple of 120?
True
Does 22 divide 248482?
False
Does 35 divide 232610?
True
Is 1204755 a multiple of 861?
False
Is 48050 a multiple of 74?
False
Is 1424056 a multiple of 136?
True
Is 363716 a multiple of 30?
False
Is 49 a factor of 149923?
False
Is 21 a factor of 12640?
False
Is 469238 even?
True
Does 33 divide 1069195?
False
Is 24625 a multiple of 8?
False
Is 813518 a multiple of 17?
True
Does 5 divide 62899?
False
Does 92 divide 91638?
False
Is 85 a factor of 317985?
True
Is 176938 a multiple of 21?
False
Is 307 a factor of 11045106?
False
Does 246 divide 300858?
True
Is 229 a factor of 106621?
False
Is 1039876 a multiple of 46?
True
Does 26 divide 137358?
True
Does 10 divide 447498?
False
Is 630672 a multiple of 14?
True
Does 9 divide 2717271?
True
Does 15 divide 5635695?
True
Is 73 a factor of 82636?
True
Is 3 a factor of 2929?
False
Is 205 a factor of 72570?
True
Is 13990050 a multiple of 15?
True
Does 3 divide 8546343?
True
Is 33 a factor of 1286508?
False
Is 3294270 a multiple of 830?
True
Is 2295244 a multiple of 396?
False
Is 6 a factor of 35604?
True
Is 3 a factor of 7605?
True
Is 2288639 a multiple of 1063?
True
Is 218 a factor of 427062?
True
Is 597219 a multiple of 13?
False
Is 226423 a multiple of 31?
False
Does 4 divide 397712?
True
Is 178695 a multiple of 15?
True
Is 220535 a multiple of 43?
False
Is 19 a factor of 750215?
True
Is 828 a factor of 9616777?
False
Does 706 divide 4522636?
True
Is 44 a factor of 3411440?
False
Is 122364 a multiple of 44?
True
Is 85461 a multiple of 2?
False
Does 4 divide 5151832?
True
Is 13 a factor of 4179211?
False
Is 266250 a multiple of 50?
True
Does 128 divide 6561068?
False
Is 10238724 a multiple of 18?
True
Is 2193771 a multiple of 295?
False
Does 8 divide 1608?
True
Is 5 a factor of 13475?
True
Is 40 a factor of 4830920?
True
Is 83689 a multiple of 58?
False
Does 244 divide 17577962?
False
Does 8 divide 9761?
False
Is 11513902 a multiple of 1025?
False
Does 16 divide 40332?
False
Does 13 divide 3065972?
True
Is 11 a factor of 6758981?
False
Is 660765 a multiple of 245?
True
Does 62 divide 1430691?
False
Does 9 divide 4210281?
True
Is 55 a factor of 352990?
True
Is 4751040 a multiple of 120?
True
Is 13 a factor of 13340171?
True
Does 4 divide 1461?
False
Is 159 a factor of 404050?
False
Is 6 a factor of 14226?
True
Is 38 a factor of 980773?
False
Is 104 a factor of 413369?
False
Does 63 divide 3574699?
False
Is 15 a factor of 1358790?
True
Does 9 divide 14600?
False
Is 23798 a multiple of 3?
False
Is 125 a factor of 3348750?
True
Is 71 a factor of 349153?
False
Does 74 divide 2408?
False
Does 40 divide 2878837?
False
Is 6814095 a multiple of 15?
True
Is 21 a factor of 10290?
True
Is 3 a factor of 95321?
False
Is 178 a factor of 6368484?
True
Is 87190 a multiple of 84?
False
Is 3154470 a multiple of 1738?
True
Does 85 divide 7571630?
True
Is 114939 a multiple of 129?
True
Is 749 a factor of 7416771?
False
Does 13 divide 288018?
False
Is 193726 a multiple of 10?
False
Is 2004 a factor of 8496960?
True
Is 53603 a multiple of 121?
True
Is 6738 even?
True
Is 240294 a multiple of 58?
True
Is 2526863 a multiple of 10?
False
Does 15 divide 957017?
False
Does 270 divide 2181235?
False
Does 66 divide 40590?
True
Is 8 a factor of 1113200?
True
Is 13 a factor of 1412063?
False
Is 24805 a multiple of 142?
False
Does 71 divide 20874?
True
Does 75 divide 228300?
True
Is 65281 a multiple of 18?
False
Does 1057 divide 9295961?
False
Is 232 a factor of 27160?
False
Is 189 a factor of 1539177?
False
Does 40 divide 45480?
True
Does 17 divide 26979?
True
Is 3448964 a multiple of 54?
False
Is 17 a factor of 1079449?
True
Does 39 divide 3493230?
True
Is 4081923 a multiple of 646?
False
Does 3 divide 110382?
True
Is 740838 a multiple of 62?
True
Is 172 a factor of 296992?
False
Is 2983968 a multiple of 16?
True
Does 282 divide 817800?
True
Does 305 divide 2632964?
False
Does 78 divide 2530398?
True
Does 85 divide 601840?
False
Is 768075 a multiple of 33?
True
Is 10 a factor of 204018?
False
Is 316174 a multiple of 42?
False
Is 4989 a multiple of 406?
False
Is 1471 a factor of 4042621?
False
Is 19785360 a multiple of 28?
True
Is 24 a factor of 2969808?
True
Is 9920 a multiple of 132?
False
Is 9 a factor of 442575?
True
Does 238 divide 12794266?
False
Is 88 a factor of 235903?
False
Is 47710 a multiple of 65?
True
Does 348 divide 5396735?
False
Does 19 divide 141189?
True
Is 143634 a multiple of 111?
True
Does 340 divide 1544727?
False
Is 148390 a multiple of 19?
True
Is 1743156 a multiple of 6?
True
Is 88536 a multiple of 204?
True
Is 675304 a multiple of 8?
True
Does 462 divide 21211694?
False
Is 6901 a multiple of 20?
False
Is 112 a factor of 737184?
True
Does 12 divide 2392139?
False
Is 86 a factor of 40076?
True
Is 243 a factor of 133893?
True
Is 59 a factor of 695757?
False
Is 1055 a factor of 3627090?
True
Is 249876 a multiple of 33?
True
Is 171 a factor of 2449233?
True
Is 1512640 a multiple of 10?
True
Is 1225310 a multiple of 190?
True
Is 24 a factor of 1463160?
True
Is 405543 a multiple of 936?
False
Is 203385 a multiple of 35?
True
Does 74 divide 127594?
False
Is 3135829 a multiple of 13?
False
Does 222 divide 961038?
True
Is 854155 a multiple of 121?
False
Does 94 divide 5729201?
False
Is 71 a factor of 5692780?
True
Is 1575706 a multiple of 737?
True
Is 20 a factor of 695860?
True
Does 479 divide 9195994?
False
Is 4825995 a multiple of 35?
False
Is 2 a factor of 1403219?
False
Does 1341 divide 5947335?
True
Is 287 a factor of 4079455?
False
Is 567441 a multiple of 21?
True
Is 64 a factor of 1877184?
True
Is 1490580 a multiple of 780?
True
Is 199 a factor of 285764?
True
Is 717 a factor of 2017638?
True
Does 9 divide 48174?
False
Is 533 a factor of 357446?
False
Is 60 a factor of 51549?
False
Does 435 divide 1165800?
True
Does 236 divide 360059?
False
Is 383150 a multiple of 790?
True
Is 3267966 a multiple of 78?
True
Is 6050064 a multiple of 12?
True
Does 35 divide 2371250?
True
Does 14 divide 12649?
False
Is 14 a factor of